digit of 899814?
9
What is the tens digit of 94621?
2
What is the ten thousands digit of 468241?
6
What is the ten millions digit of 10514434?
1
What is the units digit of 1449267?
7
What is the hundred thousands digit of 101150?
1
What is the units digit of 79469?
9
What is the millions digit of 1560516?
1
What is the ten thousands digit of 277066?
7
What is the hundred thousands digit of 9285642?
2
What is the thousands digit of 263829?
3
What is the hundred thousands digit of 16384832?
3
What is the units digit of 2878938?
8
What is the tens digit of 751675?
7
What is the hundreds digit of 2332476?
4
What is the thousands digit of 150111?
0
What is the hundred thousands digit of 2294453?
2
What is the hundred thousands digit of 4996574?
9
What is the hundreds digit of 1203079?
0
What is the units digit of 809178?
8
What is the ten thousands digit of 13309?
1
What is the units digit of 16175195?
5
What is the hundreds digit of 3443020?
0
What is the thousands digit of 258058?
8
What is the ten thousands digit of 723023?
2
What is the units digit of 427542?
2
What is the hundred thousands digit of 389264?
3
What is the thousands digit of 24824500?
4
What is the hundreds digit of 85637?
6
What is the tens digit of 925989?
8
What is the thousands digit of 6656342?
6
What is the units digit of 196131?
1
What is the thousands digit of 1663721?
3
What is the ten thousands digit of 8317791?
1
What is the tens digit of 56639?
3
What is the thousands digit of 1867460?
7
What is the thousands digit of 8779958?
9
What is the units digit of 385210?
0
What is the millions digit of 9369121?
9
What is the tens digit of 3355205?
0
What is the units digit of 198939?
9
What is the millions digit of 5424141?
5
What is the units digit of 34984?
4
What is the thousands digit of 1726632?
6
What is the thousands digit of 263066?
3
What is the hundred thousands digit of 7967800?
9
What is the thousands digit of 162362?
2
What is the tens digit of 112959?
5
What is the thousands digit of 772325?
2
What is the millions digit of 16517750?
6
What is the hundreds digit of 64129?
1
What is the tens digit of 4525715?
1
What is the hundreds digit of 106775?
7
What is the ten thousands digit of 754817?
5
What is the thousands digit of 18845961?
5
What is the thousands digit of 135155?
5
What is the millions digit of 2238612?
2
What is the units digit of 22847129?
9
What is the millions digit of 13152502?
3
What is the hundred thousands digit of 954954?
9
What is the hundreds digit of 769472?
4
What is the millions digit of 19051782?
9
What is the millions digit of 2275179?
2
What is the thousands digit of 2127924?
7
What is the hundred thousands digit of 105962?
1
What is the ten millions digit of 17083508?
1
What is the hundred thousands digit of 1693397?
6
What is the hundred thousands digit of 2372073?
3
What is the ten thousands digit of 32770?
3
What is the thousands digit of 284475?
4
What is the ten thousands digit of 7109094?
0
What is the hundred thousands digit of 251855?
2
What is the hundred thousands digit of 180837?
1
What is the ten thousands digit of 21073?
2
What is the hundred thousands digit of 725437?
7
What is the hundreds digit of 14950?
9
What is the tens digit of 6802893?
9
What is the ten thousands digit of 358240?
5
What is the units digit of 308906?
6
What is the millions digit of 21912873?
1
What is the tens digit of 4572425?
2
What is the ten millions digit of 10368377?
1
What is the units digit of 97551?
1
What is the hundreds digit of 588727?
7
What is the thousands digit of 4310873?
0
What is the tens digit of 413723?
2
What is the units digit of 7431287?
7
What is the thousands digit of 4361590?
1
What is the units digit of 785981?
1
What is the ten thousands digit of 4928046?
2
What is the hundreds digit of 163809?
8
What is the thousands digit of 1334671?
4
What is the ten thousands digit of 170264?
7
What is the hundreds digit of 24800922?
9
What is the hundreds digit of 7388874?
8
What is the units digit of 14713?
3
What is the thousands digit of 5131548?
1
What is the ten thousands digit of 3405260?
0
What is the units digit of 11711905?
5
What is the units digit of 8640632?
2
What is the millions digit of 4729520?
4
What is the millions digit of 13566399?
3
What is the units digit of 572065?
5
What is the units digit of 213407?
7
What is the units digit of 1666442?
2
What is the thousands digit of 467147?
7
What is the units digit of 110244?
4
What is the millions digit of 2043940?
2
What is the units digit of 2251811?
1
What is the ten thousands digit of 2914943?
1
What is the ten thousands digit of 358057?
5
What is the millions digit of 4278381?
4
What is the hundreds digit of 22024476?
4
What is the thousands digit of 57722?
7
What is the tens digit of 10185805?
0
What is the hundred thousands digit of 13042166?
0
What is the millions digit of 1275242?
1
What is the tens digit of 1389278?
7
What is the tens digit of 40693?
9
What is the thousands digit of 278082?
8
What is the thousands digit of 4425959?
5
What is the millions digit of 3762559?
3
What is the millions digit of 1282626?
1
What is the tens digit of 53784?
8
What is the millions digit of 2157040?
2
What is the tens digit of 830788?
8
What is the hundreds digit of 4572594?
5
What is the hundred thousands digit of 6780026?
7
What is the millions digit of 8820631?
8
What is the ten millions digit of 21733735?
2
What is the units digit of 149715?
5
What is the units digit of 8191810?
0
What is the ten thousands digit of 236440?
3
What is the hundreds digit of 9692177?
1
What is the tens digit of 3562052?
5
What is the units digit of 14951880?
0
What is the hundred thousands digit of 3424652?
4
What is the tens digit of 2572489?
8
What is the units digit of 7297260?
0
What is the hundreds digit of 392583?
5
What is the units digit of 578323?
3
What is the ten thousands digit of 7416271?
1
What is the ten thousands digit of 7327757?
2
What is the thousands digit of 2551031?
1
What is the millions digit of 6684004?
6
What is the ten thousands digit of 2862916?
6
What is the thousands digit of 145266?
5
What is the ten thousands digit of 3926993?
2
What is the hundreds digit of 582515?
5
What is the units digit of 504433?
3
What is the hundred thousands digit of 420639?
4
What is the units digit of 339902?
2
What is the thousands digit of 18001067?
1
What is the hundreds digit of 461037?
0
What is the thousands digit of 67894?
7
What is the units digit of 74418?
8
What is the units digit of 44878?
8
What is the ten thousands digit of 1444046?
4
What is the ten thousands digit of 1410123?
1
What is the hundreds digit of 7559364?
3
What is the millions digit of 1197939?
1
What is the hundred thousands digit of 2402445?
4
What is the tens digit of 7270731?
3
What is the millions digit of 3093280?
3
What is the tens digit of 1047390?
9
What is the hundreds digit of 235966?
9
What is the hundred thousands digit of 330978?
3
What is the thousands digit of 639567?
9
What is the tens digit of 329213?
1
What is the thousands digit of 1734589?
4
What is the tens digit of 953119?
1
What is the units digit of 480350?
0
What is the units digit of 169314?
4
What is the tens digit of 187211?
1
What is the tens digit of 58218?
1
What is the hundreds digit of 1172136?
1
What is the millions digit of 3297900?
3
What is the tens digit of 436459?
5
What is the millions digit of 11037441?
1
What is the ten thousands digit of 2162920?
6
What is the ten thousands digit of 989007?
8
What is the hundreds digit of 6945?
9
What is the thousands digit of 92646?
2
What is the ten thousands digit of 10680453?
8
What is the ten thousands digit of 2326847?
2
What is the tens digit of 25052737?
3
What is the thousands digit of 105798?
5
What is the tens digit of 10722042?
4
What is the ten millions digit of 31201705?
3
What is the thousands digit of 1526963?
6
What is the tens digit of 5730294?
9
What is the hundreds digit of 3437338?
3
What is the thousands digit of 551959?
1
What is the units digit of 810059?
9
What is the tens digit of 250881?
8
What is the units digit of 1158443?
3
What is the hundred thousands digit of 198572?
1
What is the tens digit of 481791?
9
What is the units digit of 240498?
